{"id":30,"date":"2017-03-20T18:30:31","date_gmt":"2017-03-20T16:30:31","guid":{"rendered":"http:\/\/hp-wandern.de\/?page_id=30"},"modified":"2023-06-16T20:13:59","modified_gmt":"2023-06-16T18:13:59","slug":"berggipfel-unter-1000-meter","status":"publish","type":"page","link":"https:\/\/hp-wandern.de\/?page_id=30","title":{"rendered":"Berggipfel unter 1000 Meter"},"content":{"rendered":"<p><a href=\"http:\/\/hp-wandern.de\/?p=1783\">Anis (709 m)<\/a><\/p>\n<p><a href=\"http:\/\/hp-wandern.de\/?p=500\">Aschenstein (945 m)<\/a><\/p>\n<p><a href=\"http:\/\/hp-wandern.de\/?p=506\">Aschenstein Kleiner (913 m)<\/a><\/p>\n<p><a href=\"http:\/\/hp-wandern.de\/?p=511\">Bernhardsnagel (896 m)<\/a><\/p>\n<p><a href=\"http:\/\/hp-wandern.de\/?p=514\">Birkenberg (848 m)<\/a><\/p>\n<p><a href=\"http:\/\/hp-wandern.de\/?p=517\">Bistand (865 m)<\/a><\/p>\n<p><a href=\"http:\/\/hp-wandern.de\/?p=1041\">Bleschenberg (596 m)<\/a><\/p>\n<p><a href=\"http:\/\/hp-wandern.de\/?p=3371\">Bornstein (818 m)<\/a><\/p>\n<p><a href=\"http:\/\/hp-wandern.de\/?p=1887\">Brombeerriegel (859 m)<\/a><\/p>\n<p><a href=\"http:\/\/hp-wandern.de\/?p=5681\">Brunstberg (652 m)<\/a><\/p>\n<p><a href=\"http:\/\/hp-wandern.de\/?p=521\">B\u00fcchelstein (832 m)<\/a><\/p>\n<p><a href=\"http:\/\/hp-wandern.de\/?p=3108\">B\u00fcchelstein Kleiner (704 m)<\/a><\/p>\n<p><a href=\"http:\/\/hp-wandern.de\/?p=6032\">B\u00fcscherl (740 m)<\/a><\/p>\n<p><a href=\"http:\/\/hp-wandern.de\/?p=4057\">Burgstall (627 m)<\/a><\/p>\n<p><a href=\"http:\/\/hp-wandern.de\/?p=527\">Burgstall (976 m)<\/a><\/p>\n<p><a href=\"http:\/\/hp-wandern.de\/?p=3011\">Burgstein (833 m)<\/a><\/p>\n<p><a href=\"http:\/\/hp-wandern.de\/?p=904\">Butzen (775 m)<\/a><\/p>\n<p><a href=\"http:\/\/hp-wandern.de\/?p=5675\">Casino (659 m)<\/a><\/p>\n<p><a href=\"http:\/\/hp-wandern.de\/?p=2956\">Dachsriegel (826 m)<\/a><\/p>\n<p><a href=\"http:\/\/hp-wandern.de\/?p=3258\">Diebstein (580 m)<\/a><\/p>\n<p><a href=\"http:\/\/hp-wandern.de\/?p=532\">Dreiwappenfelsen (917 m)<\/a><\/p>\n<p><a href=\"http:\/\/hp-wandern.de\/?p=537\">Eidenberger Lusen (733 m)<\/a><\/p>\n<p><a href=\"http:\/\/hp-wandern.de\/?p=542\">Friedrichsberg (934 m)<\/a><\/p>\n<p><a href=\"https:\/\/hp-wandern.de\/?p=8558\">F\u00fcrberg (880 m)<\/a><\/p>\n<p><a href=\"http:\/\/hp-wandern.de\/?p=1249\">Gallner (710 m)<\/a><\/p>\n<p><a href=\"http:\/\/hp-wandern.de\/?p=547\">Geistlicher Stein (731 m)<\/a><\/p>\n<p><a href=\"http:\/\/hp-wandern.de\/?p=4589\">Gei\u00dfberg (835 m) Promauer Madl<\/a><\/p>\n<p><a href=\"http:\/\/hp-wandern.de\/?p=554\">Gei\u00dflstein (920 m)<\/a><\/p>\n<p><a href=\"http:\/\/hp-wandern.de\/?p=557\">Ge\u00dfingerstein (874 m)<\/a><\/p>\n<p><a href=\"http:\/\/hp-wandern.de\/?p=564\">Gsengetstein (952 m)<\/a><\/p>\n<p><a href=\"http:\/\/hp-wandern.de\/?p=569\">Guntherstein (700 m)<\/a><\/p>\n<p><a href=\"http:\/\/hp-wandern.de\/?p=573\">Habichtstein (863 m)<\/a><\/p>\n<p><a href=\"http:\/\/hp-wandern.de\/?p=577\">Hadriwa (922 m)<\/a><\/p>\n<p><a href=\"http:\/\/hp-wandern.de\/?p=583\">Haidstein (750 m)<\/a><\/p>\n<p><a href=\"http:\/\/hp-wandern.de\/?p=587\">Harlachberger Spitze (913 m)<\/a><\/p>\n<p><a href=\"http:\/\/hp-wandern.de\/?p=592\">Hausstein (917 m)<\/a><\/p>\n<p><a href=\"http:\/\/hp-wandern.de\/?p=596\">Hennenkobel (965 m)<\/a><\/p>\n<p><a href=\"http:\/\/hp-wandern.de\/?p=600\">Hessenstein (878 m)<\/a><\/p>\n<p><a href=\"http:\/\/hp-wandern.de\/?p=3453\">Hochberg (665 m)<\/a><\/p>\n<p><a href=\"http:\/\/hp-wandern.de\/?p=3848\">Hochstein (826 m)<\/a><\/p>\n<p><a href=\"https:\/\/hp-wandern.de\/?p=7869\">Hoher Sachsen (752 m)<\/a><\/p>\n<p><a href=\"https:\/\/hp-wandern.de\/?p=7691\">Jugenberg (610 m)<\/a><\/p>\n<p><a href=\"http:\/\/hp-wandern.de\/?p=4938\">Kastenstein (822 m)<\/a><\/p>\n<p><a href=\"http:\/\/hp-wandern.de\/?p=2819\">Kathlfelsen (751 m)<\/a><\/p>\n<p><a href=\"http:\/\/hp-wandern.de\/?p=605\">K\u00e4splatte (979 m)<\/a><\/p>\n<p><a href=\"http:\/\/hp-wandern.de\/?p=6198\">Kettenberg (506 m)<\/a><\/p>\n<p><a href=\"http:\/\/hp-wandern.de\/?p=2958\">Kirschbaumriegel (634 m)<\/a><\/p>\n<p><a href=\"http:\/\/hp-wandern.de\/?p=5067\">Klammerfels (848 m)<\/a><\/p>\n<p><a href=\"http:\/\/hp-wandern.de\/?p=609\">Klausgupf (929 m)<\/a><\/p>\n<p><a href=\"http:\/\/hp-wandern.de\/?p=613\">Knogelberg (708 m)<\/a><\/p>\n<p><a href=\"http:\/\/hp-wandern.de\/?p=618\">K\u00f6nigstein (850 m)<\/a><\/p>\n<p><a href=\"http:\/\/hp-wandern.de\/?p=3455\">Kramerschopf (710 m)<\/a><\/p>\n<p><a href=\"http:\/\/hp-wandern.de\/?p=622\">Kreuzfelsen (938 m)<\/a><\/p>\n<p><a href=\"http:\/\/hp-wandern.de\/?p=4271\">Kreuzfelsen (620 m)<\/a><\/p>\n<p><a href=\"http:\/\/hp-wandern.de\/?p=626\">Kronberg (984 m)<\/a><\/p>\n<p><a href=\"http:\/\/hp-wandern.de\/?p=5669\">K\u00fchberg (569 m<\/a><\/p>\n<p><a href=\"http:\/\/hp-wandern.de\/?p=4197\">Lauberberg (594 m)<\/a><\/p>\n<p><a href=\"https:\/\/hp-wandern.de\/?p=8931\">Ludwigstein (903 m)<\/a><\/p>\n<p><a href=\"http:\/\/hp-wandern.de\/?p=4591\">Madlkopf (821 m) Rehberger Madl<\/a><\/p>\n<p><a href=\"https:\/\/hp-wandern.de\/?p=7947\">Oberer Eibenstein (708 m)<\/a><\/p>\n<p><a href=\"http:\/\/hp-wandern.de\/?p=638\">Oberfrauenwald (948 m)<\/a><\/p>\n<p><a href=\"http:\/\/hp-wandern.de\/?p=3198\">Ochsenstiegl (623 m)<\/a><\/p>\n<p><a href=\"http:\/\/hp-wandern.de\/?p=3885\">Pfaffenstein (515 m)<\/a><\/p>\n<p><a href=\"http:\/\/hp-wandern.de\/?p=630\">Plattenstein (880 m)<\/a><\/p>\n<p><a href=\"http:\/\/hp-wandern.de\/?p=634\">Pr\u00fcnster Berg (727m)<\/a><\/p>\n<p><a href=\"http:\/\/hp-wandern.de\/?p=4266\">Predigtstuhl (548 m)<\/a><\/p>\n<p><a href=\"http:\/\/hp-wandern.de\/?p=642\">Reiseck (902 m)<\/a><\/p>\n<p><a href=\"http:\/\/hp-wandern.de\/?p=6816\">Riebenzingriegel (857 m)<\/a><\/p>\n<p><a href=\"http:\/\/hp-wandern.de\/?p=710\">Riederinfelsen<\/a><\/p>\n<p><a href=\"http:\/\/hp-wandern.de\/?p=714\">Riedstein (745 m)<\/a><\/p>\n<p><a href=\"https:\/\/hp-wandern.de\/?p=8728\">Riegelholzberg (653 m)<\/a><\/p>\n<p><a href=\"http:\/\/hp-wandern.de\/?p=646\">Riesberg (934 m)<\/a><\/p>\n<p><a href=\"http:\/\/hp-wandern.de\/?p=649\">Ruhmannsberg (863 m)<\/a><\/p>\n<p><a href=\"http:\/\/hp-wandern.de\/?p=6204\">Sattelberg (586 m)<\/a><\/p>\n<p><a href=\"http:\/\/hp-wandern.de\/?p=655\">Saustein (955 m)<\/a><\/p>\n<p><a href=\"http:\/\/hp-wandern.de\/?p=3339\">Schlo\u00dfh\u00fcgel (759 m)<\/a><\/p>\n<p><a href=\"http:\/\/hp-wandern.de\/?p=4593\">Schl\u00f6\u00dfberg (828 m) Schl\u00f6\u00dfbacher Madl<\/a><\/p>\n<p><a href=\"http:\/\/hp-wandern.de\/?p=665\">Schopf (925 m)<\/a><\/p>\n<p><a href=\"http:\/\/hp-wandern.de\/?p=5319\">Sch\u00f6necker Riegel (833 m)<\/a><\/p>\n<p><a href=\"http:\/\/hp-wandern.de\/?p=1563\">Sch\u00fctzinger Berg (609 m)<\/a><\/p>\n<p><a href=\"http:\/\/hp-wandern.de\/?p=6935\">Schwarzwihrberg (706 m)<\/a><\/p>\n<p><a href=\"https:\/\/hp-wandern.de\/?p=8190\">Schweinsberg (607 m)<\/a><\/p>\n<p><a href=\"http:\/\/hp-wandern.de\/?p=4194\">Semmelberg (616 m)<\/a><\/p>\n<p><a href=\"https:\/\/hp-wandern.de\/?p=8186\">Sengersberg (614 m)<\/a><\/p>\n<p><a href=\"http:\/\/hp-wandern.de\/?p=3457\">Sicklasberg (797 m)<\/a><\/p>\n<p><a href=\"http:\/\/hp-wandern.de\/?p=3341\">Signalberg (888 m)<\/a><\/p>\n<p><a href=\"http:\/\/hp-wandern.de\/?p=670\">Silberberg (955 m)<\/a><\/p>\n<p><a href=\"http:\/\/hp-wandern.de\/?p=3921\">Sphinx (960 m)<\/a><\/p>\n<p><a href=\"http:\/\/hp-wandern.de\/?p=675\">Spitzberg (810 m)<\/a><\/p>\n<p><a href=\"http:\/\/hp-wandern.de\/?p=679\">Staffelberg (793 m)<\/a><\/p>\n<p><a href=\"http:\/\/hp-wandern.de\/?p=683\">Steinberg (999 m)<\/a><\/p>\n<p><a href=\"http:\/\/hp-wandern.de\/?p=687\">Sternkn\u00f6ckel (818 m)<\/a><\/p>\n<p><a href=\"http:\/\/hp-wandern.de\/?p=692\">Tannenriegel (910 m)<\/a><\/p>\n<p><a href=\"http:\/\/hp-wandern.de\/?p=697\">Teufelstisch (901 m)<\/a><\/p>\n<p><a href=\"https:\/\/hp-wandern.de\/?p=8358\">Tiessenberg (745 m)<\/a><\/p>\n<p><a href=\"http:\/\/hp-wandern.de\/?p=6644\">Traillingriegel (862 m)<\/a><\/p>\n<p><a href=\"http:\/\/hp-wandern.de\/?p=701\">Wagensonnriegel (959 m)<\/a><\/p>\n<p><a href=\"http:\/\/hp-wandern.de\/?p=7226\">Wagensonnriegel Kleiner (920 m)<\/a><\/p>\n<p><a href=\"http:\/\/hp-wandern.de\/?p=719\">Wolfgangsriegel (876 m)<\/a><\/p>\n<p><a href=\"http:\/\/hp-wandern.de\/?p=2815\">Zwirenzel (701 m)<\/a><\/p>\n<p>&nbsp;<\/p>\n","protected":false},"excerpt":{"rendered":"<p>Anis (709 m) Aschenstein (945 m) Aschenstein Kleiner (913 m) Bernhardsnagel (896 m) Birkenberg (848 m) Bistand (865 m) Bleschenberg (596 m) Bornstein (818 m) Brombeerriegel (859 m) Brunstberg (652 m) B\u00fcchelstein (832 m) B\u00fcchelstein Kleiner (704 m) B\u00fcscherl (740 m) Burgstall (627 m) Burgstall (976 m) Burgstein (833 m) Butzen (775 m) Casino (659 &hellip; <\/p>\n<p class=\"link-more\"><a href=\"https:\/\/hp-wandern.de\/?page_id=30\" class=\"more-link\"><span class=\"screen-reader-text\">\u201eBerggipfel unter 1000 Meter\u201c <\/span>weiterlesen<\/a><\/p>\n","protected":false},"author":1,"featured_media":0,"parent":25,"menu_order":0,"comment_status":"closed","ping_status":"closed","template":"","meta":{"_monsterinsights_skip_tracking":false,"_monsterinsights_sitenote_active":false,"_monsterinsights_sitenote_note":"","_monsterinsights_sitenote_category":0,"footnotes":""},"class_list":["post-30","page","type-page","status-publish","hentry"],"yoast_head":"<!-- This site is optimized with the Yoast SEO plugin v27.4 - https:\/\/yoast.com\/product\/yoast-seo-wordpress\/ -->\n<title>Berggipfel unter 1000 Meter - Da Bayerische Woid<\/title>\n<meta name=\"robots\" content=\"index, follow, max-snippet:-1, max-image-preview:large, max-video-preview:-1\" \/>\n<link rel=\"canonical\" href=\"https:\/\/hp-wandern.de\/?page_id=30\" \/>\n<meta property=\"og:locale\" content=\"de_DE\" \/>\n<meta property=\"og:type\" content=\"article\" \/>\n<meta property=\"og:title\" content=\"Berggipfel unter 1000 Meter - Da Bayerische Woid\" \/>\n<meta property=\"og:description\" content=\"Anis (709 m) Aschenstein (945 m) Aschenstein Kleiner (913 m) Bernhardsnagel (896 m) Birkenberg (848 m) Bistand (865 m) Bleschenberg (596 m) Bornstein (818 m) Brombeerriegel (859 m) Brunstberg (652 m) B\u00fcchelstein (832 m) B\u00fcchelstein Kleiner (704 m) B\u00fcscherl (740 m) Burgstall (627 m) Burgstall (976 m) Burgstein (833 m) Butzen (775 m) Casino (659 &hellip; \u201eBerggipfel unter 1000 Meter\u201c weiterlesen\" \/>\n<meta property=\"og:url\" content=\"https:\/\/hp-wandern.de\/?page_id=30\" \/>\n<meta property=\"og:site_name\" content=\"Da Bayerische Woid\" \/>\n<meta property=\"article:publisher\" content=\"https:\/\/www.facebook.com\/hanspeter.muller.75\" \/>\n<meta property=\"article:modified_time\" content=\"2023-06-16T18:13:59+00:00\" \/>\n<meta name=\"twitter:card\" content=\"summary_large_image\" \/>\n<meta name=\"twitter:label1\" content=\"Gesch\u00e4tzte Lesezeit\" \/>\n\t<meta name=\"twitter:data1\" content=\"2\u00a0Minuten\" \/>\n<script type=\"application\/ld+json\" class=\"yoast-schema-graph\">{\"@context\":\"https:\\\/\\\/schema.org\",\"@graph\":[{\"@type\":\"WebPage\",\"@id\":\"https:\\\/\\\/hp-wandern.de\\\/?page_id=30\",\"url\":\"https:\\\/\\\/hp-wandern.de\\\/?page_id=30\",\"name\":\"Berggipfel unter 1000 Meter - Da Bayerische Woid\",\"isPartOf\":{\"@id\":\"https:\\\/\\\/hp-wandern.de\\\/#website\"},\"datePublished\":\"2017-03-20T16:30:31+00:00\",\"dateModified\":\"2023-06-16T18:13:59+00:00\",\"breadcrumb\":{\"@id\":\"https:\\\/\\\/hp-wandern.de\\\/?page_id=30#breadcrumb\"},\"inLanguage\":\"de\",\"potentialAction\":[{\"@type\":\"ReadAction\",\"target\":[\"https:\\\/\\\/hp-wandern.de\\\/?page_id=30\"]}]},{\"@type\":\"BreadcrumbList\",\"@id\":\"https:\\\/\\\/hp-wandern.de\\\/?page_id=30#breadcrumb\",\"itemListElement\":[{\"@type\":\"ListItem\",\"position\":1,\"name\":\"Startseite\",\"item\":\"https:\\\/\\\/hp-wandern.de\\\/\"},{\"@type\":\"ListItem\",\"position\":2,\"name\":\"Berggipfel\",\"item\":\"https:\\\/\\\/hp-wandern.de\\\/?page_id=25\"},{\"@type\":\"ListItem\",\"position\":3,\"name\":\"Berggipfel unter 1000 Meter\"}]},{\"@type\":\"WebSite\",\"@id\":\"https:\\\/\\\/hp-wandern.de\\\/#website\",\"url\":\"https:\\\/\\\/hp-wandern.de\\\/\",\"name\":\"Da Bayerische Woid\",\"description\":\"...und do bin i dahoam\",\"potentialAction\":[{\"@type\":\"SearchAction\",\"target\":{\"@type\":\"EntryPoint\",\"urlTemplate\":\"https:\\\/\\\/hp-wandern.de\\\/?s={search_term_string}\"},\"query-input\":{\"@type\":\"PropertyValueSpecification\",\"valueRequired\":true,\"valueName\":\"search_term_string\"}}],\"inLanguage\":\"de\"}]}<\/script>\n<!-- \/ Yoast SEO plugin. -->","yoast_head_json":{"title":"Berggipfel unter 1000 Meter - Da Bayerische Woid","robots":{"index":"index","follow":"follow","max-snippet":"max-snippet:-1","max-image-preview":"max-image-preview:large","max-video-preview":"max-video-preview:-1"},"canonical":"https:\/\/hp-wandern.de\/?page_id=30","og_locale":"de_DE","og_type":"article","og_title":"Berggipfel unter 1000 Meter - Da Bayerische Woid","og_description":"Anis (709 m) Aschenstein (945 m) Aschenstein Kleiner (913 m) Bernhardsnagel (896 m) Birkenberg (848 m) Bistand (865 m) Bleschenberg (596 m) Bornstein (818 m) Brombeerriegel (859 m) Brunstberg (652 m) B\u00fcchelstein (832 m) B\u00fcchelstein Kleiner (704 m) B\u00fcscherl (740 m) Burgstall (627 m) Burgstall (976 m) Burgstein (833 m) Butzen (775 m) Casino (659 &hellip; \u201eBerggipfel unter 1000 Meter\u201c weiterlesen","og_url":"https:\/\/hp-wandern.de\/?page_id=30","og_site_name":"Da Bayerische Woid","article_publisher":"https:\/\/www.facebook.com\/hanspeter.muller.75","article_modified_time":"2023-06-16T18:13:59+00:00","twitter_card":"summary_large_image","twitter_misc":{"Gesch\u00e4tzte Lesezeit":"2\u00a0Minuten"},"schema":{"@context":"https:\/\/schema.org","@graph":[{"@type":"WebPage","@id":"https:\/\/hp-wandern.de\/?page_id=30","url":"https:\/\/hp-wandern.de\/?page_id=30","name":"Berggipfel unter 1000 Meter - Da Bayerische Woid","isPartOf":{"@id":"https:\/\/hp-wandern.de\/#website"},"datePublished":"2017-03-20T16:30:31+00:00","dateModified":"2023-06-16T18:13:59+00:00","breadcrumb":{"@id":"https:\/\/hp-wandern.de\/?page_id=30#breadcrumb"},"inLanguage":"de","potentialAction":[{"@type":"ReadAction","target":["https:\/\/hp-wandern.de\/?page_id=30"]}]},{"@type":"BreadcrumbList","@id":"https:\/\/hp-wandern.de\/?page_id=30#breadcrumb","itemListElement":[{"@type":"ListItem","position":1,"name":"Startseite","item":"https:\/\/hp-wandern.de\/"},{"@type":"ListItem","position":2,"name":"Berggipfel","item":"https:\/\/hp-wandern.de\/?page_id=25"},{"@type":"ListItem","position":3,"name":"Berggipfel unter 1000 Meter"}]},{"@type":"WebSite","@id":"https:\/\/hp-wandern.de\/#website","url":"https:\/\/hp-wandern.de\/","name":"Da Bayerische Woid","description":"...und do bin i dahoam","potentialAction":[{"@type":"SearchAction","target":{"@type":"EntryPoint","urlTemplate":"https:\/\/hp-wandern.de\/?s={search_term_string}"},"query-input":{"@type":"PropertyValueSpecification","valueRequired":true,"valueName":"search_term_string"}}],"inLanguage":"de"}]}},"_links":{"self":[{"href":"https:\/\/hp-wandern.de\/index.php?rest_route=\/wp\/v2\/pages\/30","targetHints":{"allow":["GET"]}}],"collection":[{"href":"https:\/\/hp-wandern.de\/index.php?rest_route=\/wp\/v2\/pages"}],"about":[{"href":"https:\/\/hp-wandern.de\/index.php?rest_route=\/wp\/v2\/types\/page"}],"author":[{"embeddable":true,"href":"https:\/\/hp-wandern.de\/index.php?rest_route=\/wp\/v2\/users\/1"}],"replies":[{"embeddable":true,"href":"https:\/\/hp-wandern.de\/index.php?rest_route=%2Fwp%2Fv2%2Fcomments&post=30"}],"version-history":[{"count":128,"href":"https:\/\/hp-wandern.de\/index.php?rest_route=\/wp\/v2\/pages\/30\/revisions"}],"predecessor-version":[{"id":8933,"href":"https:\/\/hp-wandern.de\/index.php?rest_route=\/wp\/v2\/pages\/30\/revisions\/8933"}],"up":[{"embeddable":true,"href":"https:\/\/hp-wandern.de\/index.php?rest_route=\/wp\/v2\/pages\/25"}],"wp:attachment":[{"href":"https:\/\/hp-wandern.de\/index.php?rest_route=%2Fwp%2Fv2%2Fmedia&parent=30"}],"curies":[{"name":"wp","href":"https:\/\/api.w.org\/{rel}","templated":true}]}}