{"id":5783,"date":"2019-12-20T18:10:49","date_gmt":"2019-12-20T16:10:49","guid":{"rendered":"http:\/\/hp-wandern.de\/?page_id=5783"},"modified":"2022-12-01T11:32:41","modified_gmt":"2022-12-01T09:32:41","slug":"links","status":"publish","type":"page","link":"https:\/\/hp-wandern.de\/?page_id=5783","title":{"rendered":"Links"},"content":{"rendered":"<p><img decoding=\"async\" id=\"cc-m-imagesubtitle-image-13727269824\" class=\"\" src=\"https:\/\/image.jimcdn.com\/app\/cms\/image\/transf\/dimension=270x10000:format=jpg\/path\/se282537708b16a34\/image\/ic4893ec892c449b2\/version\/1483869696\/image.jpg\" sizes=\"(min-width: 270px) 270px, 100vw\" srcset=\"https:\/\/image.jimcdn.com\/app\/cms\/image\/transf\/dimension=270x10000:format=jpg\/path\/se282537708b16a34\/image\/ic4893ec892c449b2\/version\/1483869696\/image.jpg 270w, https:\/\/image.jimcdn.com\/app\/cms\/image\/transf\/dimension=320x10000:format=jpg\/path\/se282537708b16a34\/image\/ic4893ec892c449b2\/version\/1483869696\/image.jpg 320w, https:\/\/image.jimcdn.com\/app\/cms\/image\/transf\/dimension=540x10000:format=jpg\/path\/se282537708b16a34\/image\/ic4893ec892c449b2\/version\/1483869696\/image.jpg 540w\" alt=\"\" data-src-width=\"4608\" data-src-height=\"3456\" data-src=\"https:\/\/image.jimcdn.com\/app\/cms\/image\/transf\/dimension=270x10000:format=jpg\/path\/se282537708b16a34\/image\/ic4893ec892c449b2\/version\/1483869696\/image.jpg\" data-image-id=\"8779516124\" \/><\/p>\n<p><a href=\"https:\/\/www.uwestanke.de\/\" target=\"_blank\" rel=\"noopener noreferrer\">https:\/\/www.uwestanke.de<\/a><\/p>\n<p>Auf Uwe&#8217;s Wanderseite findet man weit \u00fcber 200 Tourenvorschl\u00e4ge im Bayerischen- und Oberpf\u00e4lzer Wald sowie f\u00fcr den Goldsteig und Fernwanderwege.<br \/>\nDer &#8222;Goldsteig-Uwe&#8220; ist als Goldsteig-Wegemanager in Ostbayern unterwegs und Ansprechpartner f\u00fcr alles rund um den Goldsteig.<\/p>\n<p>&nbsp;<\/p>\n<p>&nbsp;<\/p>\n<p><strong><img loading=\"lazy\" decoding=\"async\" class=\"alignnone wp-image-6245\" src=\"http:\/\/hp-wandern.de\/wp-content\/uploads\/2020\/04\/Uschi-300x300.jpg\" alt=\"\" width=\"121\" height=\"121\" srcset=\"https:\/\/hp-wandern.de\/wp-content\/uploads\/2020\/04\/Uschi-300x300.jpg 300w, https:\/\/hp-wandern.de\/wp-content\/uploads\/2020\/04\/Uschi-150x150.jpg 150w, https:\/\/hp-wandern.de\/wp-content\/uploads\/2020\/04\/Uschi-100x100.jpg 100w, https:\/\/hp-wandern.de\/wp-content\/uploads\/2020\/04\/Uschi.jpg 762w\" sizes=\"auto, (max-width: 121px) 100vw, 121px\" \/> \u00a0 \u00a0 Uschi Gillitzers Fotoseite<\/strong><\/p>\n<p><a href=\"http:\/\/www.uschi-gillitzer.de\">www.uschi-gillitzer.de<\/a><\/p>\n<p>Uschi Gillitzer ist eine Hobbyfotografin aus Raindorf, die wundersch\u00f6ne Fotos rund um den Bayerischen- und Oberpf\u00e4lzer Wald macht. Ihre Fotoseite ist absolut sehenswert.<\/p>\n<p>&nbsp;<\/p>\n<p><img loading=\"lazy\" decoding=\"async\" class=\"alignnone size-medium wp-image-8633\" src=\"https:\/\/hp-wandern.de\/wp-content\/uploads\/2022\/12\/Bayerwald1000er-300x125.jpg\" alt=\"\" width=\"300\" height=\"125\" srcset=\"https:\/\/hp-wandern.de\/wp-content\/uploads\/2022\/12\/Bayerwald1000er-300x125.jpg 300w, https:\/\/hp-wandern.de\/wp-content\/uploads\/2022\/12\/Bayerwald1000er-1024x426.jpg 1024w, https:\/\/hp-wandern.de\/wp-content\/uploads\/2022\/12\/Bayerwald1000er-768x320.jpg 768w, https:\/\/hp-wandern.de\/wp-content\/uploads\/2022\/12\/Bayerwald1000er-1536x640.jpg 1536w, https:\/\/hp-wandern.de\/wp-content\/uploads\/2022\/12\/Bayerwald1000er.jpg 1895w\" sizes=\"auto, (max-width: 300px) 100vw, 300px\" \/><\/p>\n<p><a href=\"http:\/\/www.bayerwald1000er.de\">http:\/\/www.bayerwald1000er.de<\/a><\/p>\n<p>Bernd Nachreiner hat eine v\u00f6llig neue und die wohl umfangreichste Internetseite f\u00fcr Outdoor-Begeisterte im Bayerischen Wald erstellt.<\/p>\n<p>&nbsp;<\/p>\n","protected":false},"excerpt":{"rendered":"<p>https:\/\/www.uwestanke.de Auf Uwe&#8217;s Wanderseite findet man weit \u00fcber 200 Tourenvorschl\u00e4ge im Bayerischen- und Oberpf\u00e4lzer Wald sowie f\u00fcr den Goldsteig und Fernwanderwege. Der &#8222;Goldsteig-Uwe&#8220; ist als Goldsteig-Wegemanager in Ostbayern unterwegs und Ansprechpartner f\u00fcr alles rund um den Goldsteig. &nbsp; &nbsp; \u00a0 \u00a0 Uschi Gillitzers Fotoseite www.uschi-gillitzer.de Uschi Gillitzer ist eine Hobbyfotografin aus Raindorf, die wundersch\u00f6ne Fotos &hellip; <\/p>\n<p class=\"link-more\"><a href=\"https:\/\/hp-wandern.de\/?page_id=5783\" class=\"more-link\"><span class=\"screen-reader-text\">\u201eLinks\u201c<\/span> weiterlesen<\/a><\/p>\n","protected":false},"author":2,"featured_media":0,"parent":0,"menu_order":0,"comment_status":"closed","ping_status":"closed","template":"","meta":{"_monsterinsights_skip_tracking":false,"_monsterinsights_sitenote_active":false,"_monsterinsights_sitenote_note":"","_monsterinsights_sitenote_category":0,"footnotes":""},"class_list":["post-5783","page","type-page","status-publish","hentry"],"yoast_head":"<!-- This site is optimized with the Yoast SEO plugin v25.0 - https:\/\/yoast.com\/wordpress\/plugins\/seo\/ -->\n<title>Links - Da Bayerische Woid<\/title>\n<meta name=\"robots\" content=\"index, follow, max-snippet:-1, max-image-preview:large, max-video-preview:-1\" \/>\n<link rel=\"canonical\" href=\"https:\/\/hp-wandern.de\/?page_id=5783\" \/>\n<meta property=\"og:locale\" content=\"de_DE\" \/>\n<meta property=\"og:type\" content=\"article\" \/>\n<meta property=\"og:title\" content=\"Links - Da Bayerische Woid\" \/>\n<meta property=\"og:description\" content=\"https:\/\/www.uwestanke.de Auf Uwe&#8217;s Wanderseite findet man weit \u00fcber 200 Tourenvorschl\u00e4ge im Bayerischen- und Oberpf\u00e4lzer Wald sowie f\u00fcr den Goldsteig und Fernwanderwege. Der &#8222;Goldsteig-Uwe&#8220; ist als Goldsteig-Wegemanager in Ostbayern unterwegs und Ansprechpartner f\u00fcr alles rund um den Goldsteig. &nbsp; &nbsp; \u00a0 \u00a0 Uschi Gillitzers Fotoseite www.uschi-gillitzer.de Uschi Gillitzer ist eine Hobbyfotografin aus Raindorf, die wundersch\u00f6ne Fotos &hellip; \u201eLinks\u201c weiterlesen\" \/>\n<meta property=\"og:url\" content=\"https:\/\/hp-wandern.de\/?page_id=5783\" \/>\n<meta property=\"og:site_name\" content=\"Da Bayerische Woid\" \/>\n<meta property=\"article:publisher\" content=\"https:\/\/www.facebook.com\/hanspeter.muller.75\" \/>\n<meta property=\"article:modified_time\" content=\"2022-12-01T09:32:41+00:00\" \/>\n<meta property=\"og:image\" content=\"https:\/\/image.jimcdn.com\/app\/cms\/image\/transf\/dimension=270x10000:format=jpg\/path\/se282537708b16a34\/image\/ic4893ec892c449b2\/version\/1483869696\/image.jpg\" \/>\n<meta name=\"twitter:card\" content=\"summary_large_image\" \/>\n<meta name=\"twitter:label1\" content=\"Gesch\u00e4tzte Lesezeit\" \/>\n\t<meta name=\"twitter:data1\" content=\"1\u00a0Minute\" \/>\n<script type=\"application\/ld+json\" class=\"yoast-schema-graph\">{\"@context\":\"https:\/\/schema.org\",\"@graph\":[{\"@type\":\"WebPage\",\"@id\":\"https:\/\/hp-wandern.de\/?page_id=5783\",\"url\":\"https:\/\/hp-wandern.de\/?page_id=5783\",\"name\":\"Links - Da Bayerische Woid\",\"isPartOf\":{\"@id\":\"https:\/\/hp-wandern.de\/#website\"},\"primaryImageOfPage\":{\"@id\":\"https:\/\/hp-wandern.de\/?page_id=5783#primaryimage\"},\"image\":{\"@id\":\"https:\/\/hp-wandern.de\/?page_id=5783#primaryimage\"},\"thumbnailUrl\":\"https:\/\/image.jimcdn.com\/app\/cms\/image\/transf\/dimension=270x10000:format=jpg\/path\/se282537708b16a34\/image\/ic4893ec892c449b2\/version\/1483869696\/image.jpg\",\"datePublished\":\"2019-12-20T16:10:49+00:00\",\"dateModified\":\"2022-12-01T09:32:41+00:00\",\"breadcrumb\":{\"@id\":\"https:\/\/hp-wandern.de\/?page_id=5783#breadcrumb\"},\"inLanguage\":\"de\",\"potentialAction\":[{\"@type\":\"ReadAction\",\"target\":[\"https:\/\/hp-wandern.de\/?page_id=5783\"]}]},{\"@type\":\"ImageObject\",\"inLanguage\":\"de\",\"@id\":\"https:\/\/hp-wandern.de\/?page_id=5783#primaryimage\",\"url\":\"https:\/\/image.jimcdn.com\/app\/cms\/image\/transf\/dimension=270x10000:format=jpg\/path\/se282537708b16a34\/image\/ic4893ec892c449b2\/version\/1483869696\/image.jpg\",\"contentUrl\":\"https:\/\/image.jimcdn.com\/app\/cms\/image\/transf\/dimension=270x10000:format=jpg\/path\/se282537708b16a34\/image\/ic4893ec892c449b2\/version\/1483869696\/image.jpg\"},{\"@type\":\"BreadcrumbList\",\"@id\":\"https:\/\/hp-wandern.de\/?page_id=5783#breadcrumb\",\"itemListElement\":[{\"@type\":\"ListItem\",\"position\":1,\"name\":\"Startseite\",\"item\":\"https:\/\/hp-wandern.de\/\"},{\"@type\":\"ListItem\",\"position\":2,\"name\":\"Links\"}]},{\"@type\":\"WebSite\",\"@id\":\"https:\/\/hp-wandern.de\/#website\",\"url\":\"https:\/\/hp-wandern.de\/\",\"name\":\"Da Bayerische Woid\",\"description\":\"...und do bin i dahoam\",\"potentialAction\":[{\"@type\":\"SearchAction\",\"target\":{\"@type\":\"EntryPoint\",\"urlTemplate\":\"https:\/\/hp-wandern.de\/?s={search_term_string}\"},\"query-input\":{\"@type\":\"PropertyValueSpecification\",\"valueRequired\":true,\"valueName\":\"search_term_string\"}}],\"inLanguage\":\"de\"}]}<\/script>\n<!-- \/ Yoast SEO plugin. -->","yoast_head_json":{"title":"Links - Da Bayerische Woid","robots":{"index":"index","follow":"follow","max-snippet":"max-snippet:-1","max-image-preview":"max-image-preview:large","max-video-preview":"max-video-preview:-1"},"canonical":"https:\/\/hp-wandern.de\/?page_id=5783","og_locale":"de_DE","og_type":"article","og_title":"Links - Da Bayerische Woid","og_description":"https:\/\/www.uwestanke.de Auf Uwe&#8217;s Wanderseite findet man weit \u00fcber 200 Tourenvorschl\u00e4ge im Bayerischen- und Oberpf\u00e4lzer Wald sowie f\u00fcr den Goldsteig und Fernwanderwege. Der &#8222;Goldsteig-Uwe&#8220; ist als Goldsteig-Wegemanager in Ostbayern unterwegs und Ansprechpartner f\u00fcr alles rund um den Goldsteig. &nbsp; &nbsp; \u00a0 \u00a0 Uschi Gillitzers Fotoseite www.uschi-gillitzer.de Uschi Gillitzer ist eine Hobbyfotografin aus Raindorf, die wundersch\u00f6ne Fotos &hellip; \u201eLinks\u201c weiterlesen","og_url":"https:\/\/hp-wandern.de\/?page_id=5783","og_site_name":"Da Bayerische Woid","article_publisher":"https:\/\/www.facebook.com\/hanspeter.muller.75","article_modified_time":"2022-12-01T09:32:41+00:00","og_image":[{"url":"https:\/\/image.jimcdn.com\/app\/cms\/image\/transf\/dimension=270x10000:format=jpg\/path\/se282537708b16a34\/image\/ic4893ec892c449b2\/version\/1483869696\/image.jpg","type":"","width":"","height":""}],"twitter_card":"summary_large_image","twitter_misc":{"Gesch\u00e4tzte Lesezeit":"1\u00a0Minute"},"schema":{"@context":"https:\/\/schema.org","@graph":[{"@type":"WebPage","@id":"https:\/\/hp-wandern.de\/?page_id=5783","url":"https:\/\/hp-wandern.de\/?page_id=5783","name":"Links - Da Bayerische Woid","isPartOf":{"@id":"https:\/\/hp-wandern.de\/#website"},"primaryImageOfPage":{"@id":"https:\/\/hp-wandern.de\/?page_id=5783#primaryimage"},"image":{"@id":"https:\/\/hp-wandern.de\/?page_id=5783#primaryimage"},"thumbnailUrl":"https:\/\/image.jimcdn.com\/app\/cms\/image\/transf\/dimension=270x10000:format=jpg\/path\/se282537708b16a34\/image\/ic4893ec892c449b2\/version\/1483869696\/image.jpg","datePublished":"2019-12-20T16:10:49+00:00","dateModified":"2022-12-01T09:32:41+00:00","breadcrumb":{"@id":"https:\/\/hp-wandern.de\/?page_id=5783#breadcrumb"},"inLanguage":"de","potentialAction":[{"@type":"ReadAction","target":["https:\/\/hp-wandern.de\/?page_id=5783"]}]},{"@type":"ImageObject","inLanguage":"de","@id":"https:\/\/hp-wandern.de\/?page_id=5783#primaryimage","url":"https:\/\/image.jimcdn.com\/app\/cms\/image\/transf\/dimension=270x10000:format=jpg\/path\/se282537708b16a34\/image\/ic4893ec892c449b2\/version\/1483869696\/image.jpg","contentUrl":"https:\/\/image.jimcdn.com\/app\/cms\/image\/transf\/dimension=270x10000:format=jpg\/path\/se282537708b16a34\/image\/ic4893ec892c449b2\/version\/1483869696\/image.jpg"},{"@type":"BreadcrumbList","@id":"https:\/\/hp-wandern.de\/?page_id=5783#breadcrumb","itemListElement":[{"@type":"ListItem","position":1,"name":"Startseite","item":"https:\/\/hp-wandern.de\/"},{"@type":"ListItem","position":2,"name":"Links"}]},{"@type":"WebSite","@id":"https:\/\/hp-wandern.de\/#website","url":"https:\/\/hp-wandern.de\/","name":"Da Bayerische Woid","description":"...und do bin i dahoam","potentialAction":[{"@type":"SearchAction","target":{"@type":"EntryPoint","urlTemplate":"https:\/\/hp-wandern.de\/?s={search_term_string}"},"query-input":{"@type":"PropertyValueSpecification","valueRequired":true,"valueName":"search_term_string"}}],"inLanguage":"de"}]}},"_links":{"self":[{"href":"https:\/\/hp-wandern.de\/index.php?rest_route=\/wp\/v2\/pages\/5783","targetHints":{"allow":["GET"]}}],"collection":[{"href":"https:\/\/hp-wandern.de\/index.php?rest_route=\/wp\/v2\/pages"}],"about":[{"href":"https:\/\/hp-wandern.de\/index.php?rest_route=\/wp\/v2\/types\/page"}],"author":[{"embeddable":true,"href":"https:\/\/hp-wandern.de\/index.php?rest_route=\/wp\/v2\/users\/2"}],"replies":[{"embeddable":true,"href":"https:\/\/hp-wandern.de\/index.php?rest_route=%2Fwp%2Fv2%2Fcomments&post=5783"}],"version-history":[{"count":29,"href":"https:\/\/hp-wandern.de\/index.php?rest_route=\/wp\/v2\/pages\/5783\/revisions"}],"predecessor-version":[{"id":8634,"href":"https:\/\/hp-wandern.de\/index.php?rest_route=\/wp\/v2\/pages\/5783\/revisions\/8634"}],"wp:attachment":[{"href":"https:\/\/hp-wandern.de\/index.php?rest_route=%2Fwp%2Fv2%2Fmedia&parent=5783"}],"curies":[{"name":"wp","href":"https:\/\/api.w.org\/{rel}","templated":true}]}}